8624?
False
Is 33040 a multiple of 28?
True
Is 11222091 a multiple of 1337?
False
Is 1144051 a multiple of 595?
False
Is 30756 a multiple of 6?
True
Is 1210674 a multiple of 36?
False
Is 4 a factor of 492048?
True
Is 25908 a multiple of 91?
False
Is 222 a factor of 1053771?
False
Is 4848588 a multiple of 67?
False
Is 30072 a multiple of 4?
True
Is 357857 a multiple of 3?
False
Is 11220 a multiple of 34?
True
Is 4 a factor of 250280?
True
Is 658812 a multiple of 92?
True
Is 16 a factor of 1273824?
True
Does 244 divide 193492?
True
Is 134568 a multiple of 5?
False
Is 503381 a multiple of 742?
False
Is 10 a factor of 122340?
True
Does 2007 divide 24427102?
False
Is 2018603 a multiple of 5?
False
Is 50369 a multiple of 84?
False
Is 84 a factor of 1069908?
True
Is 120 a factor of 1370911?
False
Does 183 divide 16237607?
False
Is 33 a factor of 6318188?
False
Is 6 a factor of 2934?
True
Is 3 a factor of 67979?
False
Does 68 divide 1167211?
False
Is 54 a factor of 859842?
True
Is 49 a factor of 1315735?
False
Is 539 a factor of 17424792?
True
Is 601 a factor of 2801261?
True
Does 109 divide 1093357?
False
Is 7537222 a multiple of 3?
False
Is 672232 a multiple of 11?
True
Is 2095776 a multiple of 32?
True
Does 229 divide 4935179?
True
Does 16 divide 9187616?
True
Is 14 a factor of 947058?
True
Does 38 divide 64910?
False
Is 54 a factor of 576694?
False
Is 312 a factor of 1750320?
True
Is 271 a factor of 355281?
True
Is 2047 a multiple of 68?
False
Does 40 divide 256960?
True
Is 190491 a multiple of 48?
False
Is 92 a factor of 3347649?
False
Is 53 a factor of 2947118?
True
Is 545575 a multiple of 197?
False
Does 4 divide 310075?
False
Is 38 a factor of 101356?
False
Is 457 a factor of 10868436?
False
Does 157 divide 374602?
True
Is 57894 a multiple of 28?
False
Is 1102023 a multiple of 9?
True
Does 87 divide 98729?
False
Does 64 divide 363857?
False
Is 43 a factor of 5003351?
True
Is 4913823 a multiple of 39?
False
Is 74 a factor of 242161?
False
Is 516664 a multiple of 14?
False
Is 1632664 a multiple of 22?
True
Does 176 divide 114400?
True
Is 15282315 a multiple of 229?
True
Is 31 a factor of 413230?
True
Is 33 a factor of 3687782?
False
Is 192508 a multiple of 12?
False
Is 377436 a multiple of 13?
False
Does 481 divide 2702739?
True
Is 65439 a multiple of 9?
True
Is 28990229 a multiple of 42?
False
Is 2232495 a multiple of 13?
False
Is 2735138 a multiple of 352?
False
Does 12 divide 6134167?
False
Is 274 a factor of 191553?
False
Is 15 a factor of 31470?
True
Is 197 a factor of 1269665?
True
Is 25 a factor of 6415915?
False
Does 4 divide 85078?
False
Is 4 a factor of 22249?
False
Is 4 a factor of 63662?
False
Is 205114 a multiple of 13?
True
Is 13 a factor of 12046?
False
Does 42 divide 164967?
False
Does 279 divide 321687?
True
Is 6219280 a multiple of 578?
True
Does 20 divide 43180?
True
Is 397855 a multiple of 5?
True
Does 22 divide 8454908?
True
Is 26 a factor of 6123676?
True
Does 18 divide 325422?
True
Is 141287 a multiple of 238?
False
Does 439 divide 4112991?
True
Is 151 a factor of 1332424?
True
Does 280 divide 505400?
True
Is 5027280 a multiple of 24?
True
Is 28 a factor of 3831646?
False
Is 2209518 a multiple of 593?
True
Is 11 a factor of 3740?
True
Does 314 divide 283768?
False
Is 107875 a multiple of 125?
True
Is 85 a factor of 3348267?
False
Does 205 divide 14529537?
False
Does 499 divide 439619?
True
Is 101932 a multiple of 54?
False
Does 73 divide 41318?
True
Is 459782 a multiple of 102?
False
Does 521 divide 689283?
True
Is 1365980 a multiple of 14?
True
Is 268398 a multiple of 234?
True
Is 118 a factor of 826790?
False
Is 36848 a multiple of 16?
True
Is 14 a factor of 4365634?
True
Is 3 a factor of 71186?
False
Is 14 a factor of 324079?
False
Is 42068 a multiple of 4?
True
Is 3504 a multiple of 73?
True
Is 29953004 a multiple of 40?
False
Does 14 divide 1595905?
False
Is 452549 a multiple of 140?
False
Is 8293100 a multiple of 2540?
True
Does 4 divide 5579708?
True
Is 22 a factor of 148742?
True
Is 343706 a multiple of 31?
False
Is 70364 a multiple of 6?
False
Is 4453009 a multiple of 7?
False
Is 1490101 a multiple of 103?
True
Is 70 a factor of 68582?
False
Is 158 a factor of 1541290?
True
Is 860157 a multiple of 31?
True
Is 15 a factor of 215613?
False
Does 396 divide 180044?
False
Is 51624 a multiple of 72?
True
Does 14 divide 6827461?
False
Is 121441 a multiple of 11?
False
Does 397 divide 183414?
True
Is 289008 a multiple of 216?
True
Is 83650 a multiple of 239?
True
Does 15 divide 809805?
True
Is 94 a factor of 1245500?
True
Is 100 a factor of 3330900?
True
Is 360 a factor of 4481656?
False
Is 77509 a multiple of 11?
False
Is 7800460 a multiple of 7?
False
Is 159587 a multiple of 22?
False
Is 89 a factor of 105109?
True
Is 28 a factor of 5680052?
True
Is 14998 a multiple of 24?
False
Is 267245 a multiple of 126?
False
Is 1645 a factor of 5798625?
True
Does 25 divide 676825?
True
Is 175 a factor of 112875?
True
Is 43709 a multiple of 401?
True
Is 335988 a multiple of 132?
False
Does 640 divide 17289687?
False
Is 46 a factor of 4592565?
False
Is 64 a factor of 9361?
False
Does 23 divide 90597?
True
Is 140793 a multiple of 63?
False
Is 8 a factor of 1799656?
True
Is 14585300 a multiple of 157?
True
Is 3 a factor of 718645?
False
Is 10 a factor of 158120?
True
Does 10 divide 158540?
True
Is 348 a factor of 5297525?
False
Is 180 a factor of 188757?
False
Is 16 a factor of 513669?
False
Is 513 a factor of 4304583?
True
Is 24 a factor of 648?
True
Is 1567 a factor of 10835805?
True
Is 1075 a factor of 58050?
True
Is 1659189 a multiple of 394?
False
Does 13 divide 51717?
False
Does 97 divide 3281465?
False
Does 794 divide 91998?
False
Is 2169192 a multiple of 268?
True
Does 9 divide 2444105?
False
Is 13 a factor of 194701?
True
Is 128 a factor of 164864?
True
Does 14 divide 2787820?
True
Is 7402549 a multiple of 16?
False
Is 673 a factor of 2235706?
True
Is 5 a factor of 462527?
False
Is 22676570 a multiple of 37?
False
Does 312 divide 14977872?
True
Does 165 divide 136125?
True
Is 9 a factor of 3628160?
False
Is 19 a factor of 2115098?
False
Is 1577972 a multiple of 167?
False
Does 28 divide 146582?
False
Is 86471 a multiple of 77?
True
Is 231 a factor of 1981115?
False
Is 4603995 a multiple of 13?
False
Does 36 divide 864918?
False
Is 3588144 a multiple of 472?
True
Is 1175306 a multiple of 1303?
True
Does 37 divide 1948569?
False
Is 18032196 a multiple of 147?
True
Is 3308384 a multiple of 85?
False
Is 20 a factor of 7258980?
True
Does 136 divide 1255008?
True
Is 3 a factor of 648555?
True
Is 68970 a multiple of 363?
True
Is 39263 a multiple of 35?
False
Is 494 a factor of 461585?
False
Does 8 divide 9978923?
False
Is 55321 a multiple of 4?
False
Is 55 a factor of 752466?
False
Is 38940 a multiple of 15?
True
Does 14 divide 29736411?
False
Is 8 a factor of 112408?
True
Does 20 divide 770385?
False
Is 19741 a multiple of 16?
False
Is 1842122 a multiple of 12?
False
Is 41 a factor of 11127482?
True
Is 1254912 a multiple of 43?
True
Is 78 a factor of 25204?
False
Does 85 divide 597215?
False
Does 92 divide 3859707?
False
Is 238320 a multiple of 90?
True
Is 100 a factor of 114200?
True
Does 70 divide 9200688?
False
Is 446508 a multiple of 316?
True
Does 383 divide 558031?
True
Is 655650 a multiple of 3?
True
Is 176 a factor of 200880?
False
Is 71 a factor of 66114?
False
Is 22 a factor of 1857775?
False
Is 39 a factor of 136645?
False
Is 985271 a multiple of 204?
False
Is 3 a factor of 34638?
True
Does 13 divide 1326608?
False
Is 12 a factor of 493432?
False
Does 654 divide 2130185?
False
Does 67 divide 7700243?
True
Is 2439483 a multiple of 275?
False
Does 168 divide 5197920?
True
Is 217 a factor of 421307?
False
Does 6 divide 173016?
True
Is 489 a factor of 704649?
True
Is 1607775 a multiple of 195?
True
Is 431929 a multiple of 276?
False
Is 24 a factor of 256512?
True
Is 4832348 a multiple of 43?
False
Does 22 divide 113599?
False
Is 2195511 a multiple of 1151?
False
Is 54 a factor of 66845?
False
Is 27 a factor of 326405?
False
Is 10 a factor of 7173154?
False
Is 74 a factor of 342183?
False
Does 2 divide 894600?
True
Is 12982356 a multiple of 27?
True
Is 46 a factor of 11489?
False
Is 8 a factor of 134333?
False
Is 4938782 